ndreds digit of c?
8
Let c(x) = -2 + 4 + 0 - x**3 - 8*x**2 - 6 + 7*x. Let d be c(-9). What is the tens digit of (0 - (-9)/6)*d?
2
Suppose 4*i - 1200 = -2*i. Let q be (2/4)/((-4)/i). What is the tens digit of (q/15)/(2/(-12))?
1
Let h = 506 + 1441. What is the thousands digit of h?
1
Suppose -12*f + 33 + 327 = 0. What is the hundreds digit of (-3)/((-193)/(-749) + f/(-105))?
1
Suppose 2*h = d - 370, -4*d + 1722 - 266 = 4*h. What is the hundreds digit of d?
3
Let i = -3806 + 6541. What is the hundreds digit of i?
7
Suppose -15 - 15 = -6*f. Suppose 5*h - h - 2*i = 838, h - 196 = f*i. What is the units digit of h?
1
Suppose -32*n + 35*n - 3 = 0. What is the hundreds digit of 4*n + (182 - 4 - -3)?
1
Suppose 601 + 819 = 2*k. Suppose -3*f + 2*u + 444 = -u, 5*f = -u + k. What is the units digit of f?
3
Let t = 254 + 201. What is the tens digit of t?
5
Let i(y) = 40*y + 118. What is the thousands digit of i(24)?
1
Let u(o) = o**3 + 16*o**2 + o - 15. What is the units digit of u(-12)?
9
Suppose 3*w - 4*w + 20 = 0. Let n = 318 - 314. Suppose -100 = -n*l + w. What is the units digit of l?
0
Let o(i) = 3*i + 1. Let y be o(-1). Let q be ((-2)/y)/(3/9). Suppose 0 = -3*m - 9, -m = 5*n + q*m - 178. What is the units digit of n?
8
Let v(r) = 165*r + 166. What is the units digit of v(13)?
1
Let k = 270 + 112. What is the tens digit of k?
8
Let r be ((-16)/(-6))/(4/(-12)). What is the tens digit of r/(-16) + 142/4?
3
Let t(l) = 878*l**3 - l**2 + l. What is the hundreds digit of t(1)?
8
Suppose 43*g = 24*g + 5434. What is the hundreds digit of g?
2
Let y(b) be the first derivative of -b**4/4 - 3*b**3 - 2*b**2 + 9*b - 15. What is the units digit of y(-9)?
5
Let f(a) = a**3 + 3*a**2 + 4*a + 2. Let g be f(-3). Let w = g + 50. What is the tens digit of w?
4
Let w(a) = -3*a**3 - 2*a**2 + 11*a + 18. What is the tens digit of w(-5)?
8
What is the units digit of ((-3229)/(-2))/(1/2)?
9
Suppose 8790 = -25*j + 59015. What is the thousands digit of j?
2
Let w(f) = f + 28. Let b(j) = j + 27. Let l(y) = 3*b(y) - 2*w(y). Let q be l(-9). Suppose 3*r - q = -4. What is the units digit of r?
4
Suppose 2*o = m - 3060, -3*o = 30*m - 35*m + 15321. What is the thousands digit of m?
3
Let u = 158 + 21. Suppose -5*n + u = -76. What is the units digit of n?
1
Let y = -16 + 19. Suppose y*z = 372 - 87. What is the tens digit of z?
9
Suppose p = 5*t - 18, p + 7 = 4*t - 7. Let w(r) be the first derivative of 3*r**4/4 - 2*r**3/3 + r**2 - 4. What is the units digit of w(p)?
0
Suppose t - k = 4 + 12, 4 = 2*k. What is the units digit of (-377)/(-3) - (-4)/t*-3?
5
Suppose -2*k + 1010 = -k. What is the units digit of k?
0
Let t(l) = -27*l - 7. Let i be (8/12)/(2/(-12)). What is the hundreds digit of t(i)?
1
Let w(r) be the second derivative of 3*r**5/20 + r**3/6 + r**2/2 + r. Suppose -82*l + 76*l = -12. What is the tens digit of w(l)?
2
What is the units digit of 5 + 1 + (-15200)/(-40)?
6
Let t = 7064 - 4475. What is the tens digit of t?
8
Suppose 90*y - 93*y - 3*a = -3630, 4*y - 4*a = 4856. What is the hundreds digit of y?
2
Let y(s) = 4*s - 10. Suppose 0 = -29*z + 32*z - 30. What is the units digit of y(z)?
0
Let s be (-16)/(-4) - (1 - 72). Suppose w + 63 = n, n - 6*w = -w + s. What is the tens digit of n?
6
Suppose -4*f = -3*z - 2*z + 3965, -f = z - 802. What is the tens digit of z?
9
Let t be 10*(54/180)/((-3)/(-4)). Let r(o) = -3*o - 3 - o**2 + 2 + 3*o**2. What is the tens digit of r(t)?
1
Let y = 5 - -107. Suppose 0 = -5*w + y + 318. What is the units digit of w?
6
Suppose -10*v = -13*v - 3, -2*v - 1801 = -d. What is the thousands digit of d?
1
Suppose -2*w = 4*p - 2992, -4*p = -0*p - 3*w - 3012. What is the tens digit of p?
5
What is the units digit of (-18)/(-18)*(-1 - -712 - -2)?
3
Let v(j) = 4*j + 34. Let k be v(-8). What is the units digit of k*1/(-7) + 620/14?
4
Let j(y) = y**3 + 33*y**2 - 33*y + 28. What is the hundreds digit of j(-21)?
0
Suppose -m - 16 = -2*m + 5*x, 5*m - 5*x - 40 = 0. Let u = m - 6. Suppose 5*s - 4 - 11 = u. What is the units digit of s?
3
Suppose 5*i + 22 = 3447. What is the units digit of i?
5
Suppose q - 3*q = 3*c - 94, -2*c - 4*q + 76 = 0. Suppose 4*m - 2*l = -l + 508, 0 = 4*m + 4*l - 488. What is the units digit of (-52)/(-6)*m/c?
9
Suppose 4*d = -f + 69, 2*f + 39 = 4*d - 3*f. Let o = -9 + d. Suppose -o*s - 76 = -9*s. What is the tens digit of s?
3
Let v be (34/119)/((-1)/(-7)). Suppose v*s - 3*s = -27. What is the units digit of s?
7
Let k = -1590 + 2708. What is the units digit of k?
8
Let u = 909 + 354. What is the hundreds digit of u?
2
Let i(z) = -2*z**3 - 28*z**2 + z - 7. Let o be i(-14). Let w = o + 33. What is the units digit of w?
2
Suppose 3*j - 5*l - 29 = 0, -5*j + 2*l = -2*j - 35. Let g = j + 186. What is the units digit of g?
9
Let x(c) = -c**3 - 5*c**2 - 2*c - 12. Let d be x(-8). Suppose 0*a - 4*a = -d. What is the units digit of a?
9
Suppose -3*t = -7 - 17. Let z(c) be the third derivative of c**6/120 - 2*c**5/15 + c**4/12 - 2*c**3 - c**2. What is the units digit of z(t)?
4
Let x be (-111)/6*(-3)/(3/(-4)). Let n = x - -194. What is the hundreds digit of n?
1
Suppose a - 3 = -2. What is the units digit of (-12 - a)*(1 + -6)?
5
Let s = 65 + -47. What is the tens digit of -1 - (-12)/s - (-157)/3?
5
Let b = 1095 - 722. What is the hundreds digit of b?
3
Let r = -97 - -56. Let h = 178 + r. What is the hundreds digit of h?
1
Let t(v) = v**2 + 5*v. Let k be t(-6). Let s = k + -6. Suppose 3*g + 4*r - 16 = s, -g + 2*g + 3*r = 7. What is the units digit of g?
4
Suppose 5*u - 7 - 18 = 0. Suppose u*n - 290 = 255. What is the units digit of n?
9
Let z(p) = p**2 + p - 11. Let q(u) = u**2 - 6. Let y(a) = 7*q(a) - 3*z(a). What is the tens digit of y(5)?
7
Suppose -3*s + 2 = -10. Suppose 0 = p + f - 4, s*f - 2 - 4 = p. Let k(i) = 2*i**3 - 4*i**2 + 4*i - 4. What is the units digit of k(p)?
4
Let r = -1174 + 2372. What is the thousands digit of r?
1
Let c be ((-4 - -4) + 5)*2/2. Suppose 0*x - 460 = -c*x. What is the units digit of x?
2
Let u be -5*((-72)/20)/6. Suppose -2*n - 144 = -u*i, -5*i - 3*n = 7 - 247. What is the units digit of i?
8
Let i = 2638 - 1618. Suppose -i = -4*c + 3*h, 0*h + h - 255 = -c. What is the hundreds digit of c?
2
Let b(u) be the second derivative of -u**3/6 - u**2/2 + 2*u. Let o = 40 - 47. What is the units digit of b(o)?
6
Let g(h) be the third derivative of h**6/120 + h**5/6 + 5*h**4/24 + 5*h**3/3 - 2*h**2. What is the tens digit of g(-9)?
4
What is the hundreds digit of (6 - (-18)/(-15))/(9/1020)?
5
Let t = 29 + -32. What is the units digit of 9 + t + 2/(-2)?
5
Let b = -335 - -408. What is the tens digit of b?
7
Let g = 161 - 44. What is the units digit of g?
7
Let m be (2 + -3)/(-2)*0. Suppose z + u - 8 = m, u + 20 = 6*u. Suppose -116 = -2*w - z*g, -42 - 102 = -2*w + 3*g. What is the tens digit of w?
6
Let s(m) = 2*m**2 - 10*m - 103. What is the tens digit of s(11)?
2
Suppose 2*i - 5*n = -3*i + 2665, 2*i - 1069 = 3*n. What is the tens digit of i?
3
Let n(o) = 6*o**2 + 20*o - 13. What is the hundreds digit of n(-10)?
3
Suppose -2*y = 2*y - 12. Let t(x) = x**3 - 10*x**2. Let a be t(10). Suppose 4*h - y*h + 5*f - 7 = 0, a = -3*h + 2*f + 21. What is the units digit of h?
7
What is the tens digit of (-6)/(-48) - (-44515)/40?
1
Suppose -5*p - 65 = -l + 495, 3*p = -5*l + 2884. What is the tens digit of l?
7
Suppose -2*j + 0*j = 18. Let w(t) = -2 + t**2 + 9232*t**3 - 5*t**2 + 14*t**2 - 9231*t**3 + 4*t. What is the units digit of w(j)?
3
Suppose 29*b = 19251 + 35878. What is the hundreds digit of b?
9
What is the units digit of 5*1*4*3377/110?
4
Let m(s) = -s**3 - 7*s - 5 - 7*s**2 + 2 - s - 10. Let r be m(-6). Let g = 31 + r. What is the units digit of g?
0
Suppose 3*v - 93 + 24 = -3*l, -3*l = -9. Suppose 5*t = w + 3*w + 17, 4*t - v = 0. Suppose -w*a + 48 = -0*a. What is the units digit of a?
4
Let z = -20 + 550. What is the units digit of z?
0
Let m(u) = -2*u - 2*u + 9 + 5*u. Suppose 0 = -0*h + 4*h. What is the units digit of m(h)?
9
Suppose 2*c = 3*g + 139, 2*g + 5*c + 0*c + 80 = 0. Let t = g + 70. What is the units digit of t?
5
What is the thousands digit of (-16950)/20*(-1 - 1/3)?
1
Let l(t) be the third derivative of -3*t**2 - 1/60*t**5 + 1/3*t**4 + 0 + 0*t - 5/6*t**3. What is the units digit of l(5)?
0
Let l(z) = z**2 - 15*z - 53. 